e -45 = 9*u - 6*u. List the prime factors of ((-24)/15)/(6/u).
2
What are the prime factors of (32/(-10))/(19/(-1330))?
2, 7
Suppose 3 - 78 = 3*z. Let u = -8 - z. List the prime factors of u.
17
Suppose 0*o = -2*o. Suppose 2*h - 8 = -o*h. Suppose -h*r = -r - 6. List the prime factors of r.
2
Let p = -9 - -46. Let k = -19 + p. List the prime factors of k.
2, 3
Suppose 3*o - p = -5, 2*o + p = 6*p - 12. List the prime factors of (-343)/(-21) + o/3.
2
Let c(x) = -x**3 - 4*x**2 - x - 5. Let v(i) = -i**2 + i - 4. Let g be v(0). Let z be c(g). List the prime factors of (-18)/(-2) - (z - 2).
2, 3
Let m = -2 + 5. Suppose 2*z - 2*k - 74 = 0, -m*z + 5*k - 16 = -127. What are the prime factors of z?
37
Let y be (-3 + 21)*(-2)/(-4). Suppose -4*j - 1 + y = 0. Suppose -5*b + 82 = -4*h, 22 + 16 = j*b + h. What are the prime factors of b?
2, 3
Let w(f) = -f**3 - 8*f**2 - 8*f - 33. What are the prime factors of w(-9)?
2, 3, 5
Suppose 3*c - 4*c + a + 97 = 0, -2*c = -a - 197. What are the prime factors of c?
2, 5
Suppose g - 20 - 1 = 4*z, -z = -g + 36. What are the prime factors of g?
41
Suppose 4*x + 6 = 14. Suppose 4*f - x*h = 48, 14 = 3*f - 3*h + 7*h. Suppose 9*b + 2*z = 4*b + 33, -3*z = -b + f. List the prime factors of b.
7
Let d = 2 + 1. Suppose 0 = 4*w + 4, -d*x = 2*x - 5*w + 15. List the prime factors of (-2)/x*42/3.
7
What are the prime factors of 291/9 + 4/(-3)?
31
Suppose -5*a = -3*v + 4*v - 6, 0 = 5*v - 4*a + 28. Let n be (0/(-1))/(v + 2). Suppose 0 = -5*x + o + 22, 3*x - 2*x - 2*o + 1 = n. List the prime factors of x.
5
Let m be -12*((-42)/(-4) - 2). List the prime factors of m/(-4)*(-4)/(-6).
17
Let o be 102/((-3)/3*-2). Suppose 4*k + 3*g = -2*g + 57, -o = -2*k + 5*g. List the prime factors of k.
2, 3
Let b(x) = -21*x + 24. What are the prime factors of b(-6)?
2, 3, 5
Suppose 5*l - 3*v = 128, -3*v + 6*v - 72 = -3*l. Suppose 0 = -5*p + l, 4*p - 70 = q - 6*q. List the prime factors of q.
2, 5
Let v(t) = -t**3 - t**2 + t. Let u(l) = -6*l**3 - 6*l**2 + 6*l - 15. Let d(s) = -u(s) + 5*v(s). What are the prime factors of d(0)?
3, 5
Let q = -16 + 27. Let u(p) = -14*p**2 - 24*p - 3. Let w(x) = 5*x**2 + 8*x + 1. Let n(z) = q*w(z) + 4*u(z). What are the prime factors of n(-7)?
2, 3
Let j(d) = d**3 - 12*d**2 - 23*d + 17. List the prime factors of j(14).
3, 29
Let i = -6 + 35. Suppose 5*v = 2*o - i, 4*o + 3*v - 7*v - 52 = 0. List the prime factors of o.
2, 3
Suppose 0*a = -3*a - 3*d + 276, 3*a - d - 260 = 0. List the prime factors of a.
2, 11
Suppose 0 = -39*g + 36*g + 1077. What are the prime factors of g?
359
Let o be 0*(6/4 - 2). Suppose o*v = v - 19. What are the prime factors of v?
19
Suppose 0 = k - 1, 0 = 2*y - 0*y - 2*k - 4. Suppose -y*x = 2*x - 30. Let o(t) = -t**2 + 8*t - 2. What are the prime factors of o(x)?
2, 5
Let z(s) = s**2 - 9*s - 12. What are the prime factors of z(12)?
2, 3
Suppose -4*p + 7 = -17. What are the prime factors of (-19)/(-3) - 2/p?
2, 3
Let h = -44 - -24. Suppose j = -3*i + 3 + 28, -82 = -3*j + 2*i. Let f = j + h. List the prime factors of f.
2
Suppose 2*b - 4*g = -16, 0 = -b - 5*g + 13 - 0. Let t be 1/b + 10/4. Suppose -4*m - y + 32 = -0*y, t*m = -4*y + 30. What are the prime factors of m?
7
Let a(p) = 3*p**2 + 4*p + 13. List the prime factors of a(-5).
2, 17
Let o = 74 - -1. List the prime factors of o.
3, 5
Let x(t) be the second derivative of t**4/12 + 4*t**3/3 - 3*t**2 - 8*t. Let u(n) = -n**2 - 4*n + 3. Let f be u(-6). What are the prime factors of x(f)?
3
Let x = 0 + 2. Let p = x + 0. Suppose -8 = -l - p*a + 18, 42 = 3*l - 3*a. List the prime factors of l.
2, 3
Suppose 5*p - 36 = 34. Let z = 29 - 24. Suppose z*o - 11 = p. What are the prime factors of o?
5
Suppose -4*d - 2*a + 147 = -3*a, -4*a = -4*d + 156. What are the prime factors of d?
2, 3
Let z(w) = -w**3 + 11*w**2 + w - 9. Let g be z(11). Suppose -2*h = g*i - 4*h - 8, -44 = -5*i - h. What are the prime factors of i?
2
Suppose -88 = -4*i + 5*y, y - 12 = -2*y. What are the prime factors of i?
3
Suppose 5*d = h - 41, 0 = 3*h + 2*d - 4*d - 71. What are the prime factors of h?
3, 7
Suppose -2*v - 13 = 4*m + 15, 0 = -v + 2*m + 2. List the prime factors of 9/v*12/(-9).
2
Let x be 0 + 1 + 0 + 3. Suppose 2*p + 0*p - 5*u + 9 = 0, x*u + 12 = 4*p. List the prime factors of p.
2
List the prime factors of 4/(4/21) - (-24)/12.
23
Suppose -6*q - 79 = -3*g - 2*q, 5 = g + 4*q. List the prime factors of g.
3, 7
What are the prime factors of -1*5/((-15)/102)?
2, 17
Let v(n) = 2*n**2 + 11*n + 7. Let i be v(-7). Suppose -5*g + i = -g. List the prime factors of g.
7
Suppose -455 = 4*z - 9*z. Suppose -4*m + 141 = -z. List the prime factors of m.
2, 29
Suppose 0 = 5*c + c - 36. What are the prime factors of c?
2, 3
Suppose -94 = -0*x - x - 3*u, 0 = -x + 3*u + 64. List the prime factors of x.
79
Suppose -5*c - 32 - 18 = 0. Let r = -7 - c. List the prime factors of r.
3
Suppose -p = 2*p - 93. Suppose -161 = -5*l - p. Suppose -4*x = -2*x - l. List the prime factors of x.
13
Suppose -1318 - 255 = -11*h. List the prime factors of h.
11, 13
Suppose 0*c + 20 = 4*c. Suppose -c*t - 4*a - 109 = -319, -4*t = 5*a - 168. What are the prime factors of t?
2, 3, 7
Let n(c) = -4 + 4 - 6*c - 24*c - 1. List the prime factors of n(-1).
29
Suppose 3*t - 150 - 30 = 0. What are the prime factors of t?
2, 3, 5
Let u be (3*-6)/(-2) - 2. List the prime factors of 1*(u + (-1 - 0)).
2, 3
Suppose 3*r = -v + 5 + 2, r - v - 5 = 0. Suppose r*d - 24 = d. Suppose 4*h - d = -0*j - 4*j, -4*h - 4 = 0. What are the prime factors of j?
2
Let u = -3 - 0. What are the prime factors of (24/9 + u)*-39?
13
Suppose 0 = -s + 7*s + 30. Let v(x) = -5*x + 2*x - 5 + 0. What are the prime factors of v(s)?
2, 5
Suppose 5*b - 104 = -3*r + 15, 3*r + 3*b = 123. What are the prime factors of r?
43
Let s(q) = q**3 - 9*q**2 + 9*q - 12. Let h be s(8). Let u(y) = -y**3 - 3*y**2 + 3*y + 6. List the prime factors of u(h).
2, 5
What are the prime factors of 5 + (-4 + -1 - -276)?
2, 3, 23
Suppose -3*p = -5*p - 12. Let d(z) = -2*z - 5. What are the prime factors of d(p)?
7
Let n(c) = -c. Suppose 5*z + 5*u = 25, -5*u = 4*z - 2*u - 15. Let d be n(z). What are the prime factors of (d + (-1)/(-2))*22?
11
List the prime factors of (-14)/(-1) - (-2 + 0)/2.
3, 5
Suppose 3*f - 10 = -2*i - 0*i, -4*f + 3*i = 15. Suppose o + o - 50 = f. List the prime factors of o.
5
Let z = 9 + -7. Suppose 4*w - 4*k = 10 + 30, 15 = z*w - 3*k. List the prime factors of w.
3, 5
List the prime factors of (3 + -15)/((-3)/6).
2, 3
Let t be (-124)/(-10) - 4/10. Suppose 0 = -n - 3*n + t. Suppose 4*z - 3*z - 4 = -4*k, -5*k + 26 = n*z. What are the prime factors of z?
2, 3
Let n be -1 + (2 - (-2 - -1)). Let f(w) = 4*w - n*w - 9 + 3*w + 3. What are the prime factors of f(5)?
19
Suppose 3*c - 212 = -4*y - 0*c, 208 = 4*y + 2*c. What are the prime factors of y?
2, 5
Let a = -3 + 3. Suppose 9 + 4 = 2*z - 3*b, a = -2*b - 6. List the prime factors of 18 - z*3/2.
3, 5
Suppose -x - p = x - 249, x - 5*p = 130. Suppose 20 = -5*s + x. What are the prime factors of s?
3, 7
Suppose -3*k = k - 5*d - 179, -2*k + 89 = -3*d. List the prime factors of k.
2, 23
Let q(z) = z**2 + z. Let o be q(0). Suppose o = -0*v + 5*v + 105. List the prime factors of 2/((v/(-18))/7).
2, 3
Let p be (-2 - (-13 + 1))/2. Let w = 13 - p. What are the prime factors of w?
2
Let y = 6 + -7. Let d(t) be the second derivative of -t**5/2 + t**4/12 + t**3/3 + t**2/2 + t. List the prime factors of d(y).
2, 5
Let g(r) = 2*r - 10. Let p be g(7). Suppose 3*h = -i - i + 39, 2*h + 38 = p*i. List the prime factors of 70/(-4)*i/(-15).
2, 7
List the prime factors of (6/9)/((-4)/(-282)).
47
Let v(h) = 2*h**2 - 5*h + 11. What are the prime factors of v(5)?
2, 3
Let l(w) = -2*w - 3. Let v be l(-3). Suppose -26 = -m - 2*c, v*m - 79 = -0*c - 5*c. What are the prime factors of m?
2, 7
Let j = -146 - -222. List the prime factors of j.
2, 19
Suppose 1 = 4*h - 3. Let c be -2 - (1 - 1)/h. List the prime factors of c/(-4)*22 - 1.
2, 5
Let v = -119 + 177. What are the prime factors of v?
2, 29
Suppose 0 = -5*v + 6*l - l + 25, -2*l - 8 = 0. Suppose k - 8 = -v. What are the prime factors of k?
7
Let w(b) = -2*b**3 - 5*b**2 + b - 3 + b - 5*b. Let c(i) = -i**2 + 3*i - 3. Let x be c(3). List the prime factors of w(x).
3, 5
Let m(k) = -k**3 - 2*k. Let x be m(